e highest common divisor of 536 and 93398?
134
Calculate the highest common factor of 519022 and 14.
14
Calculate the highest common factor of 23 and 4051519.
23
What is the greatest common divisor of 40 and 11488?
8
Calculate the highest common divisor of 965461 and 214.
107
What is the highest common divisor of 22 and 360547?
11
What is the highest common factor of 861 and 468671?
287
Calculate the highest common factor of 378705 and 165.
15
What is the greatest common factor of 50 and 31810?
10
What is the highest common factor of 45 and 506853?
9
Calculate the highest common divisor of 28 and 28854.
14
What is the highest common factor of 490 and 277620?
70
What is the highest common divisor of 3535 and 5555?
505
Calculate the highest common divisor of 1255826 and 65.
13
What is the greatest common divisor of 21 and 1408029?
21
Calculate the greatest common divisor of 264 and 121616.
88
What is the greatest common divisor of 466 and 637022?
466
Calculate the greatest common divisor of 100311 and 174.
87
What is the highest common factor of 123470 and 120?
10
Calculate the highest common factor of 103 and 88.
1
Calculate the highest common divisor of 9016 and 25070.
46
What is the highest common factor of 519120 and 2160?
720
Calculate the greatest common factor of 331 and 6115225.
331
Calculate the highest common factor of 228 and 38856.
12
Calculate the greatest common divisor of 514360 and 2.
2
What is the highest common divisor of 56 and 67936?
8
What is the greatest common factor of 134 and 2257163?
67
What is the greatest common factor of 160622 and 154?
154
Calculate the highest common factor of 373256 and 338.
26
Calculate the highest common divisor of 3800 and 259350.
950
Calculate the highest common factor of 170855 and 5.
5
Calculate the highest common factor of 19047 and 21.
21
Calculate the greatest common factor of 7564 and 248.
124
Calculate the highest common factor of 2268 and 11376.
36
Calculate the greatest common factor of 32372 and 52.
4
What is the highest common divisor of 861 and 35994?
21
Calculate the highest common factor of 38786 and 11275.
451
What is the greatest common factor of 116 and 79912?
4
What is the highest common divisor of 1065339 and 1485?
297
What is the highest common divisor of 778843 and 993?
331
Calculate the highest common divisor of 10807 and 1111.
101
What is the highest common divisor of 43442 and 15428?
406
What is the highest common factor of 10443 and 3186?
177
Calculate the highest common factor of 134552 and 55176.
968
What is the highest common divisor of 760 and 9320?
40
What is the greatest common divisor of 99539 and 33?
11
What is the greatest common divisor of 32129 and 1520?
19
Calculate the greatest common divisor of 2583 and 441.
63
What is the greatest common factor of 896 and 66656?
32
What is the highest common divisor of 13756 and 380?
76
What is the greatest common factor of 112 and 2868572?
28
Calculate the greatest common factor of 591 and 326035.
197
What is the highest common factor of 56 and 341896?
8
Calculate the highest common divisor of 21 and 31976.
7
Calculate the highest common factor of 439 and 219061.
439
Calculate the highest common factor of 6000 and 40320.
240
What is the greatest common divisor of 240 and 67725?
15
What is the highest common factor of 7414 and 44?
22
What is the highest common divisor of 15455 and 110?
55
What is the highest common divisor of 28716 and 204?
12
Calculate the greatest common divisor of 54868 and 58696.
1276
What is the greatest common factor of 369 and 2004736?
41
What is the greatest common divisor of 117 and 17200287?
117
Calculate the highest common divisor of 348 and 548796.
348
What is the greatest common factor of 3 and 3687?
3
Calculate the greatest common divisor of 164 and 72652.
164
Calculate the highest common factor of 324 and 25128.
36
What is the greatest common divisor of 2184 and 215397?
273
Calculate the highest common divisor of 2401608 and 66.
66
What is the highest common factor of 2578965 and 19?
19
What is the greatest common factor of 52 and 1173380?
52
Calculate the highest common factor of 2690 and 2693228.
538
Calculate the greatest common divisor of 426531 and 315.
21
Calculate the greatest common divisor of 3569 and 19092.
43
What is the greatest common divisor of 42 and 1035279?
21
What is the greatest common factor of 250 and 400?
50
What is the greatest common divisor of 27 and 147?
3
What is the greatest common factor of 193808 and 16?
16
Calculate the highest common divisor of 5459 and 1219.
53
Calculate the greatest common divisor of 60 and 7520.
20
Calculate the greatest common factor of 770 and 315.
35
What is the highest common divisor of 25 and 22185475?
25
What is the greatest common divisor of 4445 and 182?
7
Calculate the highest common divisor of 147228 and 36.
12
Calculate the highest common divisor of 137088 and 7497.
1071
What is the highest common factor of 208 and 61958?
26
What is the highest common divisor of 4741 and 649?
11
What is the greatest common factor of 90 and 729?
9
Calculate the highest common divisor of 323 and 469319.
323
Calculate the greatest common divisor of 5760 and 22752.
288
Calculate the highest common divisor of 1020 and 42585.
255
What is the highest common factor of 64 and 100?
4
What is the highest common divisor of 46 and 175122?
46
What is the highest common divisor of 1740 and 9060?
60
What is the greatest common divisor of 9722647 and 11?
11
What is the highest common factor of 38025 and 150?
75
Calculate the greatest common factor of 324 and 427842.
162
Calculate the highest common divisor of 13547 and 34.
1
Calculate the highest common divisor of 2163 and 81473.
721
What is the highest common factor of 12 and 22896?
12
What is the greatest common factor of 3908 and 16?
4
Calculate the highest common factor of 101375 and 125.
125
What is the highest common divisor of 30 and 16?
2
What is the greatest common divisor of 2883706 and 399?
133
What is the highest common factor of 256 and 968?
8
Calculate the greatest common divisor of 171 and 4203.
9
Calculate the highest common factor of 693 and 45297.
63
Calculate the highest common factor of 1590 and 214014.
318
What is the greatest common factor of 47 and 402?
1
Calculate the greatest common divisor of 320 and 244928.
64
What is the highest common factor of 2620 and 529895?
655
What is the highest common factor of 21609 and 2016?
63
Calculate the highest common divisor of 492444 and 108.
36
What is the highest common factor of 88 and 153472?
88
What is the greatest common divisor of 120 and 288390?
30
What is the greatest common divisor of 118452 and 24?
12
What is the highest common factor of 31208 and 2632?
376
Calculate the highest common factor of 18 and 68742.
18
What is the greatest common factor of 84 and 355236?
84
Calculate the highest common divisor of 17066 and 4717.
53
Calculate the highest common factor of 6 and 263376.
6
What is the highest common divisor of 11978 and 265?
53
What is the greatest common divisor of 2123 and 451?
11
What is the greatest common factor of 245 and 6786745?
245
What is the greatest common factor of 1841 and 1463?
7
What is the highest common factor of 2334245 and 570?
95
What is the highest common divisor of 748 and 182988?
68
What is the highest common factor of 215 and 123453?
43
What is the highest common divisor of 6730 and 120?
10
Calculate the highest common divisor of 13082 and 22366.
422
What is the highest common factor of 24 and 36176?
8
What is the greatest common factor of 177 and 70033?
59
Calculate the highest common divisor of 165819 and 155.
31
Calculate the highest common factor of 568 and 1853597.
71
Calculate the highest common factor of 5716 and 6.
2
Calculate the highest common factor of 4600 and 3000.
200
Calculate the greatest common divisor of 28250 and 741280.
1130
Calculate the greatest common divisor of 46 and 1794713.
23
What is the highest common divisor of 670968 and 144?
72
Calculate the greatest common factor of 84 and 392301.
21
What is the greatest common divisor of 4693 and 4199?
247
What is the greatest common divisor of 1634 and 6192?
86
Calculate the greatest common factor of 10665 and 765.
45
What is the greate